40 = -113*u - 14340. Calculate the greatest common divisor of u and 200.
200
Let k(d) be the first derivative of -20*d**2 - 18*d - 175. Let r be k(-5). What is the greatest common divisor of 56 and r?
14
Suppose 1016 = -3*o - 5*r, 43*r - 38*r = -o - 352. Let h = o - -845. What is the highest common divisor of h and 19?
19
Suppose -w = -3*o + 9, 0 = 2*o + 3*w - 2*w - 11. Suppose -219 = -18*y + 141. Suppose y*a = 14*a + 48. What is the highest common factor of o and a?
4
Let p be 6*(-1)/2*1. Let t be (-3 - -6)*(-1 - p). What is the greatest common factor of t and 32?
2
Let m be 16 + 155/(-10) + (-2042)/(-4). What is the greatest common factor of m and 35?
7
Let m be 19 - (3/4 - 11/4). Let t be (-28)/8*90/(-5). What is the highest common factor of m and t?
21
Let a = 15091 - 14839. Suppose 5*k - 36 = -4*y + 1, -32 = -4*k - 2*y. Suppose -k*n = -2*n - a. What is the highest common divisor of n and 18?
18
Let u = -16034 + 16322. Calculate the highest common divisor of u and 6096.
48
Let x(p) be the second derivative of p**5/20 - 3*p**4/4 + 3*p**3/2 - 33*p**2/2 + 42*p + 1. Let o be x(9). What is the greatest common factor of o and 72?
24
Let f = 993 - 751. Let y = f + -226. Calculate the greatest common factor of 4 and y.
4
Let z be (-57)/(-361)*(206 - -3). What is the greatest common divisor of 489 and z?
3
Suppose 277 = 4*j + j - 2*f, 8*f - 89 = -j. What is the greatest common factor of 1539 and j?
57
Let u be ((-48)/2)/(45/(-270)). Suppose 0*q = 8*q - u. What is the highest common divisor of q and 27?
9
Let j(v) = -5*v + 0*v**2 - 2*v**2 + 3 + 0*v**2 + v**2. Let r be j(-3). Let p = r + 9. What is the greatest common factor of 6 and p?
6
Suppose -4*h - 4*o = -0*o + 196, -o - 97 = 2*h. Let q be (-28)/(-2) - h/12. Calculate the highest common divisor of q and 4.
2
Let t = 636 + -366. Let c(x) = 5*x**3 + 8*x**2 - 12*x - 18. Let m be c(2). What is the highest common factor of t and m?
30
Let u be (-1)/3 - (-30550)/(-141). Suppose -9 + 1 = -2*h. Let x be (-5 - u/2) + 6/h. What is the greatest common divisor of x and 15?
15
Suppose 3*h + 2*h - 2*i = 34, 0 = 3*h + 2*i - 14. Let q be ((-40)/15 + h)*18. What is the highest common divisor of q and 45?
15
Suppose 2*s - 7*k + 3*k - 24 = 0, -5*k = 2*s - 69. Let d be (-6)/(-12) - (-54)/4. Suppose 2*q - d = 338. Calculate the highest common divisor of q and s.
22
Suppose 4*s + h - 503 = 0, -s + 3*h - 134 = -2*s. Let g = s - 133. Let x be (2/6)/(g/(-288)) - 4. Calculate the greatest common divisor of 1 and x.
1
Let j be 2*(0 + 3/2). Let v be 4*j*(-128)/(-48). Let o(n) = -n**2 - 11*n - 2. Let d be o(-9). Calculate the highest common factor of v and d.
16
Suppose -6*l + 481 = 7*l. Suppose -17 = -w + l. Calculate the highest common divisor of w and 270.
54
Let y = -22 + -230. Let i be (y/(-9) - 3)*2*4. What is the highest common factor of i and 40?
40
Let b = -41601 - -49463. What is the highest common factor of 2 and b?
2
Let l(v) = 3*v**2 - 16*v - 58. Let h be 116/12 + -4 + (-80)/(-15). Let y be l(h). What is the highest common factor of y and 86?
43
Suppose -2*r + 4*v = -32, -4 = -5*v + 7*v. Suppose -5*w + 3*w = -r. What is the greatest common divisor of w and 30?
6
Let f be (-1886)/(-5) + (-1470)/(-150) + -10. Calculate the highest common factor of f and 609.
29
Suppose -5*m = -4*l + 3863, -3*l + 44*m + 2877 = 47*m. What is the highest common divisor of l and 52?
26
Let r(u) = 137*u + 9602. Let l be r(-70). Calculate the highest common divisor of 9708 and l.
12
Let p(v) = v**2 - 274*v + 4617. Let c be p(18). Suppose -3*d - 2*w = -163, -d - 2*w = -69 + 8. What is the greatest common divisor of d and c?
3
Let u = 15980 - 8310. What is the greatest common factor of 65 and u?
65
Suppose 33*g = 16915 + 1301. What is the highest common factor of g and 60?
12
Let n(d) = 15*d**2 + 7*d + 21. Let l be n(-3). Let m = -72 + l. Calculate the highest common divisor of 105 and m.
21
Let g be ((-160)/6)/((-1)/6). Let c be 4/38 - ((-269640)/(-152))/9. Let a = 217 + c. What is the highest common divisor of a and g?
20
Suppose 2*l + 37 = 2*h + 555, 543 = 2*l + 3*h. Let m = 9 + 13. What is the greatest common factor of l and m?
22
Let v be 742/32 + (-171)/912. What is the greatest common factor of 5888 and v?
23
Let l = -201 + -112. Let a = -312 - l. Suppose 15 = -5*v + 40. Calculate the highest common factor of a and v.
1
Suppose -w - 2180 = -3*l - 662, -1515 = -3*l + 2*w. Calculate the greatest common factor of 3 and l.
3
Let z be 1 + 21 + 2*1. Let m be (-2 - (z + 2))*-1. Let p(c) = c**3 - 21*c**2 + 173*c - 584. Let d be p(12). Calculate the greatest common divisor of d and m.
28
Suppose 1085*t = 1025*t + 1440. Let j be (-892)/(-14) + 6/21. Calculate the greatest common divisor of t and j.
8
Let w(o) = -o**3 - 3*o - 3. Let y be w(3). Let d = y - -260. Calculate the greatest common factor of 13 and d.
13
Let t(b) = -45901*b + 321545. Let h be t(7). Suppose 207 = 5*w + 4*q, -q = 4*w - 168 + 9. Let j = -25 + w. Calculate the highest common divisor of h and j.
14
Let d be 1 + 0 + (26 - -134). Let b(v) = -v**3 + 3*v**2 + 6*v + 10. Let w be b(-3). Calculate the greatest common divisor of d and w.
23
Suppose -4*i + 84 = 3*i. Suppose i*u = 15*u - 18. Suppose 0*r = u*r - 240. Calculate the greatest common factor of r and 200.
40
Suppose a - 2*f - 116 = 41, -720 = -5*a - 3*f. Let z(t) = 6 + 2*t**2 + 17*t - 3*t**2 - 25*t. Let u be z(-3). Calculate the highest common divisor of u and a.
21
Let t be 2 - (-8)/(48/42). Suppose 4353 + 7311 = t*r. What is the highest common factor of 18 and r?
18
Let a = -19 - -46. Suppose -35*f + 1374 = -201. What is the greatest common factor of f and a?
9
Let b = 83 - 80. Suppose u + b*d = -0*u + 61, -3*d + 159 = 3*u. Calculate the highest common factor of 21 and u.
7
Suppose -31 = -2*p + 501. Suppose -41*a = -37*a - 12. Suppose -k - 4*c + 6 = 0, -44 = -5*k + a*c + 32. What is the greatest common divisor of p and k?
14
Suppose -3*v + 6*z + 13 = z, 3*z = 12. Calculate the greatest common divisor of 4961 and v.
11
Let o = 62 - 43. Suppose 1101 = -5*m + 431. Let b = -58 - m. What is the highest common divisor of o and b?
19
Let l(k) = 41*k + 214. Let n be l(-4). What is the highest common factor of n and 1080?
10
Suppose k + 305 = 318. Suppose 0 = 3*c - 2*u - 41, -2*u + k = 15. What is the greatest common divisor of c and 117?
13
Let m = 5353 + -5045. Calculate the greatest common factor of m and 33.
11
Let q be 8/(-20) - 2718/(-45). Suppose -q*u + 372 = -48*u. What is the highest common factor of u and 403?
31
Let j = 197 - 168. Let m(b) = b**3 - 30*b**2 + 42*b + 13. Let a be m(j). What is the highest common divisor of a and 30?
30
Let r(c) = c**2 - c. Let h be r(-2). Let w be 112/42*((-1)/2 + 2). Suppose -3*f + 145 = f - 5*o, w*f + 5*o = 95. What is the highest common factor of h and f?
6
Let b be (29 - 1)*(135/(-6))/(-15). Let m be 1/3 - (-154)/b - -21. Suppose 336 = -23*a + m*a. Calculate the greatest common divisor of a and 21.
21
Let o(g) = 6*g. Let k be o(1). Let c(p) = -31*p**3 - 120*p**2 + 3*p - 1. Let q be c(-4). What is the highest common divisor of q and k?
3
Let u be (6064/(-10))/(172/(-430)) + -3. What is the highest common factor of 85 and u?
17
Suppose 0 = -t + 7*t - 132. Suppose t*u = 21*u + 101. Suppose -3*x + u = 14. Calculate the highest common factor of x and 145.
29
Let z be (-2)/3 + 212/3. Suppose 6 = c - 3*c, 5*s - 4*c = 887. What is the greatest common factor of s and z?
35
Suppose 144 = 2*d - 46*z + 49*z, 0 = 4*d - 4*z - 308. Calculate the greatest common factor of d and 2825.
25
Suppose 52*b = 49*b + 5709. Suppose -4*g + b = -121. What is the greatest common factor of 46 and g?
46
Suppose 0 = 2*f - 2*l + 2, 3*f + l - 3*l - 1 = 0. Suppose g + 902 = 3*t, f*t - g - 898 = -2*g. Calculate the greatest common factor of 12 and t.
12
Suppose 1216 = -0*b + 8*b. Let y(t) = t**3 + t + 5. Let f be y(0). Suppose -5*g - 15 = 0, -2*u = g - f*g - b. What is the highest common divisor of 10 and u?
10
Let d be 0 + ((-36)/(-162) - (-2131)/9). Let l = 86 - d. Let g = -76 - l. Calculate the highest common divisor of g and 50.
25
Suppose -54*f = -9534 - 2994. Calculate the greatest common divisor of f and 1102.
58
Suppose -4*y = -3*y - 0*y. Suppose y*l - 3*l = -672. Suppose -l = -55*g + 51*g. Calculate th